en 6460 is divided by 124?
12
Calculate the remainder when 29791 is divided by 19.
18
Calculate the remainder when 2830 is divided by 81.
76
Calculate the remainder when 740 is divided by 77.
47
Calculate the remainder when 4343 is divided by 537.
47
Calculate the remainder when 66492 is divided by 143.
140
Calculate the remainder when 1058759 is divided by 20.
19
What is the remainder when 53558 is divided by 119?
8
Calculate the remainder when 31811 is divided by 63.
59
What is the remainder when 335 is divided by 96?
47
Calculate the remainder when 1957 is divided by 1899.
58
Calculate the remainder when 94416 is divided by 14.
0
Calculate the remainder when 28394 is divided by 28364.
30
What is the remainder when 1733 is divided by 33?
17
Calculate the remainder when 329551 is divided by 9986.
13
What is the remainder when 157214 is divided by 1191?
2
What is the remainder when 8215 is divided by 70?
25
Calculate the remainder when 11946 is divided by 324.
282
Calculate the remainder when 57981 is divided by 547.
546
What is the remainder when 29362 is divided by 20?
2
What is the remainder when 702 is divided by 102?
90
What is the remainder when 692952 is divided by 160?
152
Calculate the remainder when 4217 is divided by 1048.
25
Calculate the remainder when 5253 is divided by 1045.
28
What is the remainder when 23003 is divided by 9?
8
Calculate the remainder when 953621 is divided by 399.
11
Calculate the remainder when 167214 is divided by 41801.
10
Calculate the remainder when 1016 is divided by 629.
387
What is the remainder when 121623 is divided by 973?
971
Calculate the remainder when 1954 is divided by 350.
204
Calculate the remainder when 631065 is divided by 86.
83
What is the remainder when 1551 is divided by 1531?
20
Calculate the remainder when 1682 is divided by 628.
426
What is the remainder when 952431 is divided by 68?
23
Calculate the remainder when 1096 is divided by 103.
66
What is the remainder when 5289 is divided by 139?
7
What is the remainder when 49180 is divided by 4916?
20
What is the remainder when 1840551 is divided by 18?
15
What is the remainder when 15433 is divided by 5136?
25
Calculate the remainder when 89416 is divided by 123.
118
What is the remainder when 42117 is divided by 13991?
144
Calculate the remainder when 592 is divided by 316.
276
Calculate the remainder when 932721 is divided by 52.
49
What is the remainder when 190959 is divided by 20?
19
What is the remainder when 538516 is divided by 131?
106
What is the remainder when 5375 is divided by 137?
32
What is the remainder when 136764 is divided by 795?
24
What is the remainder when 24603 is divided by 1173?
1143
Calculate the remainder when 8001 is divided by 53.
51
Calculate the remainder when 12753 is divided by 116.
109
Calculate the remainder when 47604 is divided by 2503.
47
Calculate the remainder when 136714 is divided by 185.
184
Calculate the remainder when 1319 is divided by 254.
49
Calculate the remainder when 26754 is divided by 8769.
447
What is the remainder when 2007 is divided by 1430?
577
What is the remainder when 2815 is divided by 162?
61
Calculate the remainder when 419 is divided by 92.
51
Calculate the remainder when 601 is divided by 148.
9
What is the remainder when 2456 is divided by 2441?
15
What is the remainder when 3469 is divided by 1680?
109
What is the remainder when 8385 is divided by 94?
19
What is the remainder when 11813 is divided by 591?
584
What is the remainder when 5739 is divided by 477?
15
What is the remainder when 41255 is divided by 6865?
65
Calculate the remainder when 11044 is divided by 25.
19
What is the remainder when 3059 is divided by 5?
4
Calculate the remainder when 32064 is divided by 617.
597
Calculate the remainder when 4900 is divided by 22.
16
Calculate the remainder when 2699 is divided by 175.
74
What is the remainder when 166454 is divided by 6658?
4
What is the remainder when 817165 is divided by 3155?
20
What is the remainder when 42593 is divided by 186?
185
What is the remainder when 40271 is divided by 4474?
5
What is the remainder when 38778 is divided by 296?
2
Calculate the remainder when 196616 is divided by 15.
11
Calculate the remainder when 35892 is divided by 131.
129
What is the remainder when 3183 is divided by 755?
163
What is the remainder when 54507 is divided by 236?
227
What is the remainder when 66245 is divided by 122?
121
Calculate the remainder when 10078 is divided by 264.
46
What is the remainder when 113418 is divided by 18903?
0
What is the remainder when 3584 is divided by 531?
398
Calculate the remainder when 183410 is divided by 1042.
18
Calculate the remainder when 182456 is divided by 1086.
8
What is the remainder when 78934 is divided by 12?
10
What is the remainder when 475384 is divided by 36?
4
Calculate the remainder when 193103 is divided by 398.
73
What is the remainder when 9172 is divided by 278?
276
Calculate the remainder when 1910529 is divided by 955262.
5
What is the remainder when 20832 is divided by 92?
40
Calculate the remainder when 4138 is divided by 3.
1
Calculate the remainder when 1496548 is divided by 8.
4
Calculate the remainder when 34186 is divided by 74.
72
What is the remainder when 61006 is divided by 1743?
1
Calculate the remainder when 8563 is divided by 1424.
19
What is the remainder when 327 is divided by 96?
39
What is the remainder when 6852 is divided by 156?
144
What is the remainder when 2310 is divided by 20?
10
What is the remainder when 1703 is divided by 1689?
14
What is the remainder when 93519 is divided by 9?
0
What is the remainder when 335779 is divided by 83918?
107
Calculate the remainder when 28141 is divided by 1340.
1
What is the remainder when 11453 is divided by 22?
13
What is the remainder when 78979 is divided by 233?
225
What is the remainder when 16114 is divided by 2668?
106
Calculate the remainder when 4169 is divided by 33.
11
What is the remainder when 68363 is divided by 17088?
11
Calculate the remainder when 139742 is divided by 1306.
0
What is the remainder when 84323 is divided by 1961?
0
Calculate the remainder when 2385 is divided by 79.
15
What is the remainder when 227244 is divided by 5?
4
What is the remainder when 8344 is divided by 4168?
8
What is the remainder when 20799 is divided by 6880?
159
Calculate the remainder when 416526 is divided by 46.
42
What is the remainder when 38894 is divided by 2580?
194
What is the remainder when 19232 is divided by 283?
271
What is the remainder when 1134 is divided by 238?
182
Calculate the remainder when 266143 is divided by 32.
31
Calculate the remainder when 9275 is divided by 463.
15
What is the remainder when 139776 is divided by 279?
276
Calculate the remainder when 21945 is divided by 21941.
4
Calculate the remainder when 9945 is divided by 8143.
1802
What is the remainder when 5639 is divided by 474?
425
Calculate the remainder when 3469 is divided by 367.
166
Calculate the remainder when 45440 is divided by 119.
101
Calculate the remainder when 45000 is divided by 363.
351
Calculate the remainder when 183592 is divided by 137.
12
Calculate the remainder when 231695 is divided by 55.
35
Calculate the remainder when 15669 is divided by 35.
24
What is the remainder when 15079 is divided by 2080?
519
Calculate the remainder when 2199 is divided by 1229.
970
Calculate the remainder when 4562 is divided by 108.
26
What is the remainder when 15426 is divided by 13?
8
What is the remainder when 54182 is divided by 12?
2
What is the remainder when 25329 is divided by 655?
439
What is the remainder when 4929 is divided by 1231?
5
What is the remainder when 401382 is divided by 133787?
21
Calculate the remainder when 414353 is divided by 30.
23
What is the remainder when 84119 is divided by 67?
34
What is the remainder when 509 is divided by 46?
3
What is the remainder when 20399 is divided by 5096?
15
Calculate the remainder when 48128 is divided by 126.
122
Calculate the remainder when 10529 is divided by 1123.
422
Calculate the remainder when 4285 is divided by 268.
265
Calculate the remainder when 4316 is divided by 270.
266
Calculate the remainder when 2802976 is divided by 20.
16
Calculate the remainder when 115246 is divi